st common divisor of 108 and c.
108
Let y = -252 + 257. Suppose -1501 = -y*j + 569. What is the greatest common divisor of j and 46?
46
Suppose -16*t + 784 = -7*t - 2*t. What is the greatest common divisor of 2296 and t?
56
Suppose c = 3*y - 1684, -y + 690 = -5*c + 124. Calculate the highest common divisor of y and 4437.
51
Let p = 59 + -31. Let j be ((-42)/p)/(3*2/(-56)). Suppose 0 = -7*x - 0 + j. What is the greatest common factor of 10 and x?
2
Suppose 0 = -4*c + 5*f + 225, f + 158 + 47 = 4*c. Calculate the greatest common factor of 40 and c.
10
Let s be (7/(-42)*8)/(4/(-57)). Let j(c) = 7*c**2 - 9*c + 11. Suppose -7 = -4*g + 17. Let d be j(g). Calculate the highest common factor of s and d.
19
Let s be 1 + ((-2120)/80)/((-1)/6). Calculate the greatest common factor of s and 16.
16
Let d be (8/(-14) + -2)*2352/(-36). Suppose 0*g - d = -7*g. Calculate the highest common factor of 8 and g.
8
Suppose 4*q = -3*i + 409, 4*q + 4*i - 161 = 247. What is the greatest common factor of q and 4841?
103
Suppose a + 4*u - 240 = 0, -884 = -5*a + 6*u + 238. What is the highest common factor of a and 4484?
76
Let j be ((-50)/(-100))/(3/816)*2. Let g(x) = -x + 1. Let q be g(3). Let k be (-4 - -3)*q*17. What is the highest common divisor of j and k?
34
Suppose 3*z - w - 69 = 2209, -5*z = -3*w - 3794. Calculate the highest common divisor of z and 40.
40
Let n = -31204 - -33091. Calculate the highest common divisor of n and 561.
51
Let h(x) = -4*x + 420. Let n be h(-12). Suppose -5*l + 155 + 25 = 0. Calculate the greatest common factor of l and n.
36
Suppose -10*x + 50880 = 2*x + 8*x. Calculate the greatest common divisor of x and 64.
16
Suppose -180 = 9*n + 1188. Let l = n - -464. Calculate the greatest common factor of 96 and l.
24
Let m = 371 - 367. Calculate the greatest common divisor of m and 1708.
4
Suppose -5*j - 15 = 0, j - 58332 + 160790 = 5*y. Calculate the greatest common factor of 31 and y.
31
Let k be 0*(-2 - 15/(-10)). Suppose k = 4*j, -5*y - 6*j + 2340 = -7*j. Calculate the highest common divisor of 12 and y.
12
Let o be (1/(-3) + 0)*(0 + 0). Let f be 9282/8 + o + (-81)/324. Calculate the highest common divisor of 40 and f.
40
Let u(d) = -d**3 - 11*d**2 + 199*d + 125. Let g be u(-22). What is the greatest common factor of g and 1904?
119
Suppose 891*j + 126*j = -259*j + 40832. Let o be 0 + 9*89 + -1. Calculate the highest common factor of j and o.
32
Suppose -4*l = w + 399, 7*w - 3*w = 2*l - 1596. Let p = w - -581. Let y = -48 + 74. What is the highest common divisor of y and p?
26
Suppose -3*t + 0*t + 107 = -p, -53 = -t - 4*p. Suppose -86 + 80 = h, 2*h + 419 = x. Calculate the highest common divisor of t and x.
37
Suppose g + h = -0*g + 168, -g = 2*h - 172. Let d = g + -86. Let k = 58 + -52. What is the highest common divisor of k and d?
6
Let c = -1367 - -2266. What is the greatest common factor of c and 203?
29
Let v be (-308)/44 - (-1425)/15. What is the highest common factor of 278 and v?
2
Let j be 4/18 + 179596/(-531). Let m = -272 - j. Calculate the highest common divisor of 132 and m.
66
Let v(h) = 2854*h + 8586. Let i be v(-3). Let m = -43 + 73. What is the highest common factor of i and m?
6
Suppose 0 = 3*r - 94 - 23. Suppose q = -3*a + r, 2*q + 2*a + 19 - 77 = 0. Calculate the greatest common divisor of q and 600.
24
Let z be 2/16*-2*4 - 3. Let r be (-1 - (17 + -3))/(z/4). Suppose 2*h = -11*h + 65. What is the greatest common divisor of h and r?
5
Let s(j) = -41*j. Let p be s(-5). Let w be (-6)/(-12)*159 + (-50)/(-20). What is the greatest common factor of w and p?
41
Let b = -123 - -125. Suppose -108 = 7*g + b*g. Let j(u) = 2*u**2 + 13*u - 12. Let d be j(g). What is the highest common factor of d and 15?
15
Suppose -2*h + 4502 = -4*r, -62 = -h - 4*r + 2159. Suppose -135 = -12*m + h. Calculate the highest common factor of 44 and m.
22
Let f be (17 + -2)*(54 - 52). Calculate the greatest common factor of f and 5370.
30
Let v(n) = -51*n**2 + 31*n + 96. Let w be v(-3). Let t = w + 483. Calculate the greatest common factor of t and 513.
27
Let n be (-2 + -7 - -3)*-1. Let b(o) = o**2 - 3*o. Suppose u + 5 = -2*c, c + c - 3*u + 9 = 0. Let x be b(c). What is the greatest common factor of n and x?
6
Let d = 9489 + -9481. What is the highest common divisor of 3428 and d?
4
Let f = 6141 + -4750. What is the greatest common factor of f and 117?
13
Let v = -149 + 171. Suppose -v = 5*p - 202. What is the highest common factor of 4 and p?
4
Suppose -103*s + 23868 = -10*s + 9*s. What is the greatest common divisor of s and 45?
9
Suppose 1594 = 3*d + c, -5*d + 2154 = 5*c - 486. What is the greatest common divisor of 13 and d?
13
Suppose 0 = 7*z + z - 64. Suppose z*t = -0*t + 96. Calculate the greatest common factor of t and 60.
12
Let q be ((-20)/45)/((-4)/(-216)*-2). Let a be 93/((-52)/16 - -4). Calculate the greatest common divisor of q and a.
4
Suppose -15 = 5*y + 25. Let b(x) = -7 - 6 - 8 + 2*x**2 + 7 + 4*x - 6. Let h be b(y). What is the greatest common factor of h and 19?
19
Let n = -104 + 114. Suppose -5*a = c, 5*a = n*c - 14*c. Let b be (-9 - 7)*2*(-1 + a). What is the greatest common factor of b and 192?
32
Let g = 102 - 41. Let o = g - 45. Let r be (28/o)/(2/8). What is the greatest common factor of r and 7?
7
Let d = 1092 - 693. Let h = 99 + -78. Calculate the greatest common divisor of h and d.
21
Suppose -25*m - 238*m + 93548 = -20068. Calculate the greatest common divisor of m and 27.
27
Let q(k) = -k**2 - 23*k + 1787. Let s be q(31). Calculate the greatest common divisor of s and 4407.
113
Let v = -7346 + 7385. Suppose 5*p - 4*p = 3*t + 178, 0 = p + 5*t - 154. Calculate the greatest common factor of p and v.
13
Let t be (-3 + 2 - 33) + 1. Let y(z) = -36*z - 208. Let d be y(-7). Let u = d + t. What is the greatest common factor of u and 88?
11
Suppose -20*c = -13*c + 56. Let d be (-832)/c - 0/2. What is the greatest common divisor of 32 and d?
8
Suppose 0 = -4*a + 16, 173*u = 171*u - a + 12. What is the greatest common factor of u and 116?
4
Let q = -86 - -82. Let c be ((384/(-20))/q)/(6/20). What is the highest common factor of c and 8?
8
Let b be 3/((-78)/(-4)) - ((-382385)/403 - -19). Calculate the greatest common factor of b and 330.
30
Let v = 4762 - 4749. Suppose 7*m - 585 = 2*m. What is the greatest common divisor of m and v?
13
Let b be 2/(-8) + 1105/20. Suppose 16 = 4*u - 0. Suppose 0 = c - 4*y - 21, 3*c + 1 = -5*y - u. What is the highest common factor of b and c?
5
Let c(b) = 45*b - 1186. Let t be c(72). Calculate the highest common divisor of 52 and t.
26
Suppose 0 = 2*p + 4*h - 260, 230 + 355 = 5*p - 3*h. Suppose -82*b = -67*b. Suppose b = -0*n + 5*n - p. What is the greatest common divisor of 3 and n?
3
Suppose 0 = -3*m + 387 + 264. Let i = m + -94. Calculate the highest common factor of 164 and i.
41
Let m(d) = -d**2 - 19*d - 57. Let w be m(-4). Suppose 0 = 2*c - 3*f - 26, -w*f + 0*f = -5*c + 56. Calculate the greatest common divisor of c and 40.
10
Let n = 105 + -60. Let w(x) = 2425*x - 174540. Let p be w(72). Calculate the highest common factor of n and p.
15
Suppose 5 = -5*t, 5*n + t - 43 = -t. Let m be ((-7)/((-2254)/(-92)))/((-1)/14*2). What is the highest common divisor of m and n?
1
Let v = -6 + 9. Suppose -4*l + 39 = -3*w, -5*w = v*l + l + 1. Suppose g = r + 8, 0 = -3*r - 181 + 163. What is the greatest common divisor of l and g?
2
Let r = 668 + -664. Suppose 0 = 2*g + r*l - 84, -2*g - 69*l + 68*l = -93. Calculate the greatest common divisor of 184 and g.
8
Let m be 6/6*(-10)/2. Let n(w) = 2*w**2 + 6*w + 16. Let y be n(m). Let x be 19 - (-3 + 28)/(-5). Calculate the highest common divisor of x and y.
12
Let w(r) = 1094*r**3 + 2*r**2 + 39*r - 40. Let s be w(1). Calculate the highest common divisor of s and 219.
219
Let t be (-1)/((-1173)/884 - (-5)/4). Let y(l) = -4*l**3 - l**2 - l - 4. Let c be y(-2). Calculate the highest common divisor of c and t.
13
Let x(a) = 176*a**3 + a**2 + 2*a + 1. Let o be x(-1). Let r = 190 + o. What is the greatest common factor of r and 266?
14
Suppose p + 3*p = -4*l + 12, -5 = -3*p - l. Let i be p - 3 - (4 - 35). Calculate the highest common divisor of 841 and i.
29
Let h = -284 + 292. Suppose 0 = -7*m + 4*m + 324. Suppose 0 = 4*c + h*c - m. Calculate the highest common factor of